{"id":1803,"date":"2025-11-18T16:55:28","date_gmt":"2025-11-18T15:55:28","guid":{"rendered":"https:\/\/mobiliasarl.com\/?post_type=product&#038;p=1803"},"modified":"2025-11-18T17:07:18","modified_gmt":"2025-11-18T16:07:18","slug":"table-individuelle-cmpt900","status":"publish","type":"product","link":"https:\/\/mobiliasarl.com\/index.php\/produit\/table-individuelle-cmpt900\/","title":{"rendered":"TABLE INDIVIDUELLE CMPT900"},"content":{"rendered":"<p><strong>Informations g\u00e9n\u00e9rales<\/strong><\/p>\n<p><strong>&#8211; Type<\/strong> : Table individuelle pour usagers<\/p>\n<p><strong>&#8211; Origine<\/strong> : Produit import\u00e9<\/p>\n<p><strong>&#8211; Mat\u00e9riau<\/strong> : Bois m\u00e9lamin\u00e9<\/p>\n<p><strong>Dimensions<\/strong><\/p>\n<table>\n<tbody>\n<tr>\n<td><strong>Caract\u00e9ristique<\/strong><\/td>\n<td><strong>Mesure<\/strong><\/td>\n<\/tr>\n<tr>\n<td>Longueur<\/td>\n<td>90 cm<\/td>\n<\/tr>\n<tr>\n<td>Largeur<\/td>\n<td>50 cm<\/td>\n<\/tr>\n<tr>\n<td>Hauteur<\/td>\n<td>75 cm<\/td>\n<\/tr>\n<\/tbody>\n<\/table>\n<p><strong>Caract\u00e9ristiques principales<\/strong><\/p>\n<p>&#8211; Con\u00e7ue pour un usage individuel : id\u00e9ale pour bureaux, biblioth\u00e8ques, salles de formation<\/p>\n<p>&#8211; Structure robuste et stable<\/p>\n<p>&#8211; Finition soign\u00e9e, adapt\u00e9e \u00e0 divers environnements professionnels ou \u00e9ducatifs<\/p>\n<p>&#8211; Facile \u00e0 entretenir et \u00e0 d\u00e9placer<\/p>\n","protected":false},"excerpt":{"rendered":"<p><strong>Informations g\u00e9n\u00e9rales<\/strong><\/p>\n<p><strong>&#8211; Type<\/strong> : Table individuelle pour usagers<\/p>\n<p><strong>&#8211; Origine<\/strong> : Produit import\u00e9<\/p>\n<p><strong>&#8211; Mat\u00e9riau<\/strong> : Bois m\u00e9lamin\u00e9<\/p>\n<p><strong>Dimensions<\/strong><\/p>\n<table>\n<tbody>\n<tr>\n<td><strong>Caract\u00e9ristique<\/strong><\/td>\n<td><strong>Mesure<\/strong><\/td>\n<\/tr>\n<tr>\n<td>Longueur<\/td>\n<td>90 cm<\/td>\n<\/tr>\n<tr>\n<td>Largeur<\/td>\n<td>50 cm<\/td>\n<\/tr>\n<tr>\n<td>Hauteur<\/td>\n<td>75 cm<\/td>\n<\/tr>\n<\/tbody>\n<\/table>\n","protected":false},"featured_media":1804,"comment_status":"open","ping_status":"closed","template":"","meta":[],"_links":{"self":[{"href":"https:\/\/mobiliasarl.com\/index.php\/wp-json\/wp\/v2\/product\/1803"}],"collection":[{"href":"https:\/\/mobiliasarl.com\/index.php\/wp-json\/wp\/v2\/product"}],"about":[{"href":"https:\/\/mobiliasarl.com\/index.php\/wp-json\/wp\/v2\/types\/product"}],"replies":[{"embeddable":true,"href":"https:\/\/mobiliasarl.com\/index.php\/wp-json\/wp\/v2\/comments?post=1803"}],"wp:featuredmedia":[{"embeddable":true,"href":"https:\/\/mobiliasarl.com\/index.php\/wp-json\/wp\/v2\/media\/1804"}],"wp:attachment":[{"href":"https:\/\/mobiliasarl.com\/index.php\/wp-json\/wp\/v2\/media?parent=1803"}],"curies":[{"name":"wp","href":"https:\/\/api.w.org\/{rel}","templated":true}]}}

<p><strong>Informations générales</strong></p>
<p><strong>&#8211; Type</strong> : Table individuelle pour usagers</p>
<p><strong>&#8211; Origine</strong> : Produit importé</p>
<p><strong>&#8211; Matériau</strong> : Bois mélaminé</p>
<p><strong>Dimensions</strong></p>
<table>
<tbody>
<tr>
<td><strong>Caractéristique</strong></td>
<td><strong>Mesure</strong></td>
</tr>
<tr>
<td>Longueur</td>
<td>90 cm</td>
</tr>
<tr>
<td>Largeur</td>
<td>50 cm</td>
</tr>
<tr>
<td>Hauteur</td>
<td>75 cm</td>
</tr>
</tbody>
</table>
<p><strong>Caractéristiques principales</strong></p>
<p>&#8211; Conçue pour un usage individuel : idéale pour bureaux, bibliothèques, salles de formation</p>
<p>&#8211; Structure robuste et stable</p>
<p>&#8211; Finition soignée, adaptée à divers environnements professionnels ou éducatifs</p>
<p>&#8211; Facile à entretenir et à déplacer</p>

<p><strong>Informations générales</strong></p>
<p><strong>&#8211; Type</strong> : Table individuelle pour usagers</p>
<p><strong>&#8211; Origine</strong> : Produit importé</p>
<p><strong>&#8211; Matériau</strong> : Bois mélaminé</p>
<p><strong>Dimensions</strong></p>
<table>
<tbody>
<tr>
<td><strong>Caractéristique</strong></td>
<td><strong>Mesure</strong></td>
</tr>
<tr>
<td>Longueur</td>
<td>90 cm</td>
</tr>
<tr>
<td>Largeur</td>
<td>50 cm</td>
</tr>
<tr>
<td>Hauteur</td>
<td>75 cm</td>
</tr>
</tbody>
</table>
