{"id":1780,"date":"2025-11-18T15:43:13","date_gmt":"2025-11-18T14:43:13","guid":{"rendered":"https:\/\/mobiliasarl.com\/?post_type=product&#038;p=1780"},"modified":"2025-11-18T15:43:13","modified_gmt":"2025-11-18T14:43:13","slug":"horloge-murale-analogique-inox","status":"publish","type":"product","link":"https:\/\/mobiliasarl.com\/index.php\/produit\/horloge-murale-analogique-inox\/","title":{"rendered":"HORLOGE MURALE ANALOGIQUE INOX"},"content":{"rendered":"<p><b>Informations <\/b><b>g\u00e9n\u00e9rales<\/b><\/p>\n<p>Type : Horloge murale analogique \u00e0 aiguilles \u2022Usage : Bureaux, salles de r\u00e9union, espaces institutionnels \u2022Fixation : Crochet mural int\u00e9gr\u00e9 M\u00e9canisme : Quartz silencieux \u2022Alimentation : 1 pile AA \/ LR6 (non incluse)<\/p>\n<p><b>Dimensions<\/b><\/p>\n<p>Diam\u00e8tre 45 cm &#8211; \u00c9paisseur 4,3 cm<\/p>\n<p><b>Design et mat\u00e9riaux<\/b><\/p>\n<p>Forme : Ronde \u2022Bo\u00eetier : Inox bross\u00e9, finition gris \/ argent \u2022Cadran : Gris clair, effet m\u00e9tal bross\u00e9 \u2022Verre : Transparent, affleurant au bo\u00eetier Marquage horaire : Index argent\u00e9s, sans chiffres \u2022Aiguilles : M\u00e9talliques argent\u00e9es (heures, minutes, secondes)<\/p>\n<p><b>Entretien<\/b><\/p>\n<p>Nettoyage \u00e0 sec avec chiffon doux \u2022Ne pas utiliser de produits abrasifs<\/p>\n","protected":false},"excerpt":{"rendered":"<p><b>Informations <\/b><b>g\u00e9n\u00e9rales<\/b><\/p>\n<p>Type : Horloge murale analogique \u00e0 aiguilles \u2022Usage : Bureaux, salles de r\u00e9union, espaces institutionnels \u2022Fixation : Crochet mural int\u00e9gr\u00e9 M\u00e9canisme : Quartz silencieux \u2022Alimentation : 1 pile AA \/ LR6 (non incluse)<\/p>\n<p><b>Dimensions<\/b><\/p>\n<p>Diam\u00e8tre 45 cm &#8211; \u00c9paisseur 4,3 cm<\/p>\n","protected":false},"featured_media":1781,"comment_status":"open","ping_status":"closed","template":"","meta":[],"_links":{"self":[{"href":"https:\/\/mobiliasarl.com\/index.php\/wp-json\/wp\/v2\/product\/1780"}],"collection":[{"href":"https:\/\/mobiliasarl.com\/index.php\/wp-json\/wp\/v2\/product"}],"about":[{"href":"https:\/\/mobiliasarl.com\/index.php\/wp-json\/wp\/v2\/types\/product"}],"replies":[{"embeddable":true,"href":"https:\/\/mobiliasarl.com\/index.php\/wp-json\/wp\/v2\/comments?post=1780"}],"wp:featuredmedia":[{"embeddable":true,"href":"https:\/\/mobiliasarl.com\/index.php\/wp-json\/wp\/v2\/media\/1781"}],"wp:attachment":[{"href":"https:\/\/mobiliasarl.com\/index.php\/wp-json\/wp\/v2\/media?parent=1780"}],"curies":[{"name":"wp","href":"https:\/\/api.w.org\/{rel}","templated":true}]}}

<p><b>Informations </b><b>générales</b></p>
<p>Type : Horloge murale analogique à aiguilles •Usage : Bureaux, salles de réunion, espaces institutionnels •Fixation : Crochet mural intégré Mécanisme : Quartz silencieux •Alimentation : 1 pile AA / LR6 (non incluse)</p>
<p><b>Dimensions</b></p>
<p>Diamètre 45 cm &#8211; Épaisseur 4,3 cm</p>
<p><b>Design et matériaux</b></p>
<p>Forme : Ronde •Boîtier : Inox brossé, finition gris / argent •Cadran : Gris clair, effet métal brossé •Verre : Transparent, affleurant au boîtier Marquage horaire : Index argentés, sans chiffres •Aiguilles : Métalliques argentées (heures, minutes, secondes)</p>
<p><b>Entretien</b></p>
<p>Nettoyage à sec avec chiffon doux •Ne pas utiliser de produits abrasifs</p>

<p><b>Informations </b><b>générales</b></p>
<p>Type : Horloge murale analogique à aiguilles •Usage : Bureaux, salles de réunion, espaces institutionnels •Fixation : Crochet mural intégré Mécanisme : Quartz silencieux •Alimentation : 1 pile AA / LR6 (non incluse)</p>
<p><b>Dimensions</b></p>
<p>Diamètre 45 cm &#8211; Épaisseur 4,3 cm</p>
