{"id":1693,"date":"2025-11-17T16:28:50","date_gmt":"2025-11-17T15:28:50","guid":{"rendered":"https:\/\/mobiliasarl.com\/?post_type=product&#038;p=1693"},"modified":"2025-11-17T16:28:50","modified_gmt":"2025-11-17T15:28:50","slug":"table-de-reunion-a1-mta-2412","status":"publish","type":"product","link":"https:\/\/mobiliasarl.com\/index.php\/produit\/table-de-reunion-a1-mta-2412\/","title":{"rendered":"TABLE DE REUNION A1-MTA-2412"},"content":{"rendered":"<p>Table en bois m\u00e9lamin\u00e9 import\u00e9 de couleur marron fonc\u00e9 avec un passe c\u00e2ble central<\/p>\n<p><strong>Dimensions (mm): 2400x1200x750 H<\/strong><\/p>\n","protected":false},"excerpt":{"rendered":"<p>Table en bois m\u00e9lamin\u00e9 import\u00e9 de couleur marron fonc\u00e9 avec un passe c\u00e2ble central<\/p>\n<p><strong>Dimensions (mm): 2400x1200x750 H<\/strong><\/p>\n","protected":false},"featured_media":1694,"comment_status":"open","ping_status":"closed","template":"","meta":[],"_links":{"self":[{"href":"https:\/\/mobiliasarl.com\/index.php\/wp-json\/wp\/v2\/product\/1693"}],"collection":[{"href":"https:\/\/mobiliasarl.com\/index.php\/wp-json\/wp\/v2\/product"}],"about":[{"href":"https:\/\/mobiliasarl.com\/index.php\/wp-json\/wp\/v2\/types\/product"}],"replies":[{"embeddable":true,"href":"https:\/\/mobiliasarl.com\/index.php\/wp-json\/wp\/v2\/comments?post=1693"}],"wp:featuredmedia":[{"embeddable":true,"href":"https:\/\/mobiliasarl.com\/index.php\/wp-json\/wp\/v2\/media\/1694"}],"wp:attachment":[{"href":"https:\/\/mobiliasarl.com\/index.php\/wp-json\/wp\/v2\/media?parent=1693"}],"curies":[{"name":"wp","href":"https:\/\/api.w.org\/{rel}","templated":true}]}}

<p>Table en bois mélaminé importé de couleur marron foncé avec un passe câble central</p>
<p><strong>Dimensions (mm): 2400x1200x750 H</strong></p>
