{"id":1679,"date":"2025-11-17T14:30:47","date_gmt":"2025-11-17T13:30:47","guid":{"rendered":"https:\/\/mobiliasarl.com\/?post_type=product&#038;p=1679"},"modified":"2025-11-17T14:30:48","modified_gmt":"2025-11-17T13:30:48","slug":"vestiaire-metallique-2-casiers-b2-1800","status":"publish","type":"product","link":"https:\/\/mobiliasarl.com\/index.php\/produit\/vestiaire-metallique-2-casiers-b2-1800\/","title":{"rendered":"VESTIAIRE METALLIQUE 2 CASIERS B2\/1800"},"content":{"rendered":"<p>-Vestiaire m\u00e9tallique avec 2 portes verrouillables avec cadenas \u00e0 cl\u00e9<\/p>\n<p>-Portes-\u00e9tiquette<\/p>\n<p>-Barre de penderie<\/p>\n<p>-Fentes d\u2019a\u00e9ration<\/p>\n<p><b>Dimensions (mm) : <\/b>LxPxH =300x500x1800<\/p>\n","protected":false},"excerpt":{"rendered":"<p>-Vestiaire m\u00e9tallique avec 2 portes verrouillables avec cadenas \u00e0 cl\u00e9<\/p>\n<p>-Portes-\u00e9tiquette<\/p>\n<p>-Barre de penderie<\/p>\n<p>-Fentes d\u2019a\u00e9ration<\/p>\n<p><b>Dimensions (mm) : <\/b>LxPxH =300x500x1800<\/p>\n","protected":false},"featured_media":1680,"comment_status":"open","ping_status":"closed","template":"","meta":[],"_links":{"self":[{"href":"https:\/\/mobiliasarl.com\/index.php\/wp-json\/wp\/v2\/product\/1679"}],"collection":[{"href":"https:\/\/mobiliasarl.com\/index.php\/wp-json\/wp\/v2\/product"}],"about":[{"href":"https:\/\/mobiliasarl.com\/index.php\/wp-json\/wp\/v2\/types\/product"}],"replies":[{"embeddable":true,"href":"https:\/\/mobiliasarl.com\/index.php\/wp-json\/wp\/v2\/comments?post=1679"}],"wp:featuredmedia":[{"embeddable":true,"href":"https:\/\/mobiliasarl.com\/index.php\/wp-json\/wp\/v2\/media\/1680"}],"wp:attachment":[{"href":"https:\/\/mobiliasarl.com\/index.php\/wp-json\/wp\/v2\/media?parent=1679"}],"curies":[{"name":"wp","href":"https:\/\/api.w.org\/{rel}","templated":true}]}}

<p>-Vestiaire métallique avec 2 portes verrouillables avec cadenas à clé</p>
<p>-Portes-étiquette</p>
<p>-Barre de penderie</p>
<p>-Fentes d’aération</p>
<p><b>Dimensions (mm) : </b>LxPxH =300x500x1800</p>
