{"id":1610,"date":"2025-11-16T09:33:31","date_gmt":"2025-11-16T08:33:31","guid":{"rendered":"https:\/\/mobiliasarl.com\/?post_type=product&#038;p=1610"},"modified":"2025-11-16T09:33:32","modified_gmt":"2025-11-16T08:33:32","slug":"fauteuil-visiteur-ergonomique-sh592pv","status":"publish","type":"product","link":"https:\/\/mobiliasarl.com\/index.php\/produit\/fauteuil-visiteur-ergonomique-sh592pv\/","title":{"rendered":"FAUTEUIL VISITEUR ERGONOMIQUE SH592PV"},"content":{"rendered":"<p>Fauteuil visiteur ergonomique import\u00e9 avec haut dossier DPS<\/p>\n<p>Pi\u00e9tement fixe en forme de luge, en acier chrom\u00e9 avec accoudoirs\u00a0 fixes et capitonn\u00e9s<\/p>\n<p>Fauteuil non basculant avec dossier en maille favorisant une bonne a\u00e9ration et si\u00e8ge rembourr\u00e9s assurant un bon confort d\u2019assise.<\/p>\n<p>Pr\u00e9sence du dispositif r\u00e9glable sur plusieurs niveaux pour soutenir le lombaire et assurer le maintien de la morphologie de l\u2019utilisateur<\/p>\n<p><b>NB: DISPONIBLE EN TOUT NOIR<\/b><\/p>\n","protected":false},"excerpt":{"rendered":"<p>Fauteuil visiteur ergonomique import\u00e9 avec haut dossier DPS<\/p>\n<p>Pi\u00e9tement fixe en forme de luge, en acier chrom\u00e9 avec accoudoirs\u00a0 fixes et capitonn\u00e9s<\/p>\n<p>Fauteuil non basculant avec dossier en maille favorisant une bonne a\u00e9ration et si\u00e8ge rembourr\u00e9s assurant un bon confort d\u2019assise.<\/p>\n<p>Pr\u00e9sence du dispositif r\u00e9glable sur plusieurs niveaux pour soutenir le lombaire et assurer le maintien de la morphologie de l\u2019utilisateur<\/p>\n<p><b>NB: DISPONIBLE EN TOUT NOIR<\/b><\/p>\n","protected":false},"featured_media":1614,"comment_status":"open","ping_status":"closed","template":"","meta":[],"_links":{"self":[{"href":"https:\/\/mobiliasarl.com\/index.php\/wp-json\/wp\/v2\/product\/1610"}],"collection":[{"href":"https:\/\/mobiliasarl.com\/index.php\/wp-json\/wp\/v2\/product"}],"about":[{"href":"https:\/\/mobiliasarl.com\/index.php\/wp-json\/wp\/v2\/types\/product"}],"replies":[{"embeddable":true,"href":"https:\/\/mobiliasarl.com\/index.php\/wp-json\/wp\/v2\/comments?post=1610"}],"wp:featuredmedia":[{"embeddable":true,"href":"https:\/\/mobiliasarl.com\/index.php\/wp-json\/wp\/v2\/media\/1614"}],"wp:attachment":[{"href":"https:\/\/mobiliasarl.com\/index.php\/wp-json\/wp\/v2\/media?parent=1610"}],"curies":[{"name":"wp","href":"https:\/\/api.w.org\/{rel}","templated":true}]}}

<p>Fauteuil visiteur ergonomique importé avec haut dossier DPS</p>
<p>Piétement fixe en forme de luge, en acier chromé avec accoudoirs  fixes et capitonnés</p>
<p>Fauteuil non basculant avec dossier en maille favorisant une bonne aération et siège rembourrés assurant un bon confort d’assise.</p>
<p>Présence du dispositif réglable sur plusieurs niveaux pour soutenir le lombaire et assurer le maintien de la morphologie de l’utilisateur</p>
<p><b>NB: DISPONIBLE EN TOUT NOIR</b></p>
