{"id":1527,"date":"2025-11-14T18:33:02","date_gmt":"2025-11-14T17:33:02","guid":{"rendered":"https:\/\/mobiliasarl.com\/?post_type=product&#038;p=1527"},"modified":"2025-11-14T18:33:02","modified_gmt":"2025-11-14T17:33:02","slug":"armoire-forte-ignifuge-ds182e","status":"publish","type":"product","link":"https:\/\/mobiliasarl.com\/index.php\/produit\/armoire-forte-ignifuge-ds182e\/","title":{"rendered":"ARMOIRE FORTE IGNIFUGE DS182E"},"content":{"rendered":"<p>Armoire forte \u00e9lectronique de marque \u00ab\u00a0BUMIL SAFE\u00a0\u00bb \u00e0 cl\u00e9, \u00e0 2 portes battantes, int\u00e9rieur scind\u00e9 en plusieurs compartiments.<\/p>\n<p>Coffre-fort \u00e9lectronique grande taille, double porte + serrure \u00e0 cl\u00e9 et ignifuge (contre infractions et incendies), il vous permet de garder vos biens \u00e0 port\u00e9e de main tout en les sachant en haute s\u00e9curit\u00e9.<\/p>\n<h3><b>Dimensions(mm):<\/b> 1140x640x1800H<\/h3>\n<h3><b>Poid<\/b>s: 694 KGS<\/h3>\n<p>&nbsp;<\/p>\n","protected":false},"excerpt":{"rendered":"<p>Armoire forte \u00e9lectronique de marque \u00ab\u00a0BUMIL SAFE\u00a0\u00bb \u00e0 cl\u00e9, \u00e0 2 portes battantes, int\u00e9rieur scind\u00e9 en plusieurs compartiments.<\/p>\n<p>Coffre-fort \u00e9lectronique grande taille, double porte + serrure \u00e0 cl\u00e9 et ignifuge (contre infractions et incendies), il vous permet de garder vos biens \u00e0 port\u00e9e de main tout en les sachant en haute s\u00e9curit\u00e9.<\/p>\n<h3><b>Dimensions(mm):<\/b> 1140x640x1800H<\/h3>\n<h3><b>Poid<\/b>s: 694 KGS<\/h3>\n<p>&nbsp;<\/p>\n","protected":false},"featured_media":1528,"comment_status":"open","ping_status":"closed","template":"","meta":[],"_links":{"self":[{"href":"https:\/\/mobiliasarl.com\/index.php\/wp-json\/wp\/v2\/product\/1527"}],"collection":[{"href":"https:\/\/mobiliasarl.com\/index.php\/wp-json\/wp\/v2\/product"}],"about":[{"href":"https:\/\/mobiliasarl.com\/index.php\/wp-json\/wp\/v2\/types\/product"}],"replies":[{"embeddable":true,"href":"https:\/\/mobiliasarl.com\/index.php\/wp-json\/wp\/v2\/comments?post=1527"}],"wp:featuredmedia":[{"embeddable":true,"href":"https:\/\/mobiliasarl.com\/index.php\/wp-json\/wp\/v2\/media\/1528"}],"wp:attachment":[{"href":"https:\/\/mobiliasarl.com\/index.php\/wp-json\/wp\/v2\/media?parent=1527"}],"curies":[{"name":"wp","href":"https:\/\/api.w.org\/{rel}","templated":true}]}}

<p>Armoire forte électronique de marque « BUMIL SAFE » à clé, à 2 portes battantes, intérieur scindé en plusieurs compartiments.</p>
<p>Coffre-fort électronique grande taille, double porte + serrure à clé et ignifuge (contre infractions et incendies), il vous permet de garder vos biens à portée de main tout en les sachant en haute sécurité.</p>
<h3><b>Dimensions(mm):</b> 1140x640x1800H</h3>
<h3><b>Poid</b>s: 694 KGS</h3>
<p>&nbsp;</p>
