{"id":1506,"date":"2025-11-14T16:34:44","date_gmt":"2025-11-14T15:34:44","guid":{"rendered":"https:\/\/mobiliasarl.com\/?post_type=product&#038;p=1506"},"modified":"2025-11-18T11:08:00","modified_gmt":"2025-11-18T10:08:00","slug":"bureau-open-space-4-places-f20a-4c","status":"publish","type":"product","link":"https:\/\/mobiliasarl.com\/index.php\/produit\/bureau-open-space-4-places-f20a-4c\/","title":{"rendered":"BUREAU OPEN SPACE-4 PLACES F20A-4C"},"content":{"rendered":"<p>Equipement de travail assez convivial permettant de <b>renforcer la communication et les synergies entre coll\u00e8gues <\/b>.<\/p>\n<p>Tr\u00e8s adapt\u00e9 aux aires de travail\u00a0 ouvertes et sans cloison, ce mod\u00e8le de bureau <b>con\u00e7u pour 4 personnes dispose de deux \u00e9crans qui assurent la confidentialit\u00e9 du travail personnel en m\u00eame temps qu\u2019ils permettent la communication sans barri\u00e8re. <\/b><\/p>\n<p><b>A<\/b><b>rmoire<\/b><b> \u00e0 4 compartiments\u00a0 se ferment chacun \u00e0 cl\u00e9<\/b><\/p>\n<p>Il offre \u00e0 l\u2019entreprise un avantage \u00e9conomique certain.<\/p>\n<p><b>Capacit\u00e9 : <\/b>4 places<\/p>\n<p><b>Couleur disponible<\/b>: marron clair<\/p>\n<p><b>Dimensions(mm): <\/b>2400X1200X750<\/p>\n","protected":false},"excerpt":{"rendered":"<p>Bureau open space-4 places<\/p>\n<p>Equipement de travail assez convivial permettant de <b>renforcer la communication et les synergies entre coll\u00e8gues <\/b>.<\/p>\n<p>Tr\u00e8s adapt\u00e9 aux aires de travail\u00a0 ouvertes et sans cloison, ce mod\u00e8le de bureau <b>con\u00e7u pour 4 personnes dispose de deux \u00e9crans qui assurent la confidentialit\u00e9 du travail personnel en m\u00eame temps qu\u2019ils permettent la communication sans barri\u00e8re. <\/b><\/p>\n<p><b>A<\/b><b>rmoire<\/b><b> \u00e0 4 compartiments\u00a0 se ferment chacun \u00e0 cl\u00e9<\/b><\/p>\n","protected":false},"featured_media":1507,"comment_status":"open","ping_status":"closed","template":"","meta":[],"_links":{"self":[{"href":"https:\/\/mobiliasarl.com\/index.php\/wp-json\/wp\/v2\/product\/1506"}],"collection":[{"href":"https:\/\/mobiliasarl.com\/index.php\/wp-json\/wp\/v2\/product"}],"about":[{"href":"https:\/\/mobiliasarl.com\/index.php\/wp-json\/wp\/v2\/types\/product"}],"replies":[{"embeddable":true,"href":"https:\/\/mobiliasarl.com\/index.php\/wp-json\/wp\/v2\/comments?post=1506"}],"wp:featuredmedia":[{"embeddable":true,"href":"https:\/\/mobiliasarl.com\/index.php\/wp-json\/wp\/v2\/media\/1507"}],"wp:attachment":[{"href":"https:\/\/mobiliasarl.com\/index.php\/wp-json\/wp\/v2\/media?parent=1506"}],"curies":[{"name":"wp","href":"https:\/\/api.w.org\/{rel}","templated":true}]}}

<p>Equipement de travail assez convivial permettant de <b>renforcer la communication et les synergies entre collègues </b>.</p>
<p>Très adapté aux aires de travail  ouvertes et sans cloison, ce modèle de bureau <b>conçu pour 4 personnes dispose de deux écrans qui assurent la confidentialité du travail personnel en même temps qu’ils permettent la communication sans barrière. </b></p>
<p><b>A</b><b>rmoire</b><b> à 4 compartiments  se ferment chacun à clé</b></p>
<p>Il offre à l’entreprise un avantage économique certain.</p>
<p><b>Capacité : </b>4 places</p>
<p><b>Couleur disponible</b>: marron clair</p>
<p><b>Dimensions(mm): </b>2400X1200X750</p>

<p>Bureau open space-4 places</p>
<p>Equipement de travail assez convivial permettant de <b>renforcer la communication et les synergies entre collègues </b>.</p>
<p>Très adapté aux aires de travail  ouvertes et sans cloison, ce modèle de bureau <b>conçu pour 4 personnes dispose de deux écrans qui assurent la confidentialité du travail personnel en même temps qu’ils permettent la communication sans barrière. </b></p>
<p><b>A</b><b>rmoire</b><b> à 4 compartiments  se ferment chacun à clé</b></p>
