{"id":1365,"date":"2025-11-13T12:49:13","date_gmt":"2025-11-13T11:49:13","guid":{"rendered":"https:\/\/mobiliasarl.com\/?post_type=product&#038;p=1365"},"modified":"2025-11-13T12:49:13","modified_gmt":"2025-11-13T11:49:13","slug":"table-de-reunion-8-places-w-24140","status":"publish","type":"product","link":"https:\/\/mobiliasarl.com\/index.php\/produit\/table-de-reunion-8-places-w-24140\/","title":{"rendered":"TABLE DE REUNION 8 PLACES W-24140"},"content":{"rendered":"<p>&#8211; Mat\u00e9riaux: Bois, aluminium<\/p>\n<p>&#8211; Plateau: Bois m\u00e9lamin\u00e9 avec d\u00e9cor-bordure en aluminium<\/p>\n<p>&#8211; Pi\u00e9tement: Panneaux pleins en bois m\u00e9lamin\u00e9 avec d\u00e9cor en aluminium<\/p>\n<p>&#8211; Design: Tr\u00e8s imposant avec comme couleur dominante, marron<\/p>\n<p>&#8211; Pr\u00e9sence de passe c\u00e2ble: Oui<\/p>\n<p>&#8211; Socle anti-humidit\u00e9: Oui<\/p>\n<p>&#8211; Capacit\u00e9: 8 places<\/p>\n<p><strong>&#8211; Dimensions (mm) : 2400x1200x750 H<\/strong><\/p>\n<p>&nbsp;<\/p>\n<h3><strong>Avantages<\/strong><\/h3>\n<p>&#8211; Confort et capacit\u00e9 optimis\u00e9e pour r\u00e9unions<\/p>\n<p>&#8211; Design sobre et professionnel<\/p>\n<p>&#8211; Mat\u00e9riaux r\u00e9sistants et faciles d\u2019entretien<\/p>\n<p>&#8211; Adapt\u00e9e aux salles de conf\u00e9rence, comit\u00e9s ou r\u00e9unions institutionnelles<\/p>\n","protected":false},"excerpt":{"rendered":"<p>&#8211; Mat\u00e9riaux: Bois, aluminium<\/p>\n<p>&#8211; Plateau: Bois m\u00e9lamin\u00e9 avec d\u00e9cor-bordure en aluminium<\/p>\n<p>&#8211; Pi\u00e9tement: Panneaux pleins en bois m\u00e9lamin\u00e9 avec d\u00e9cor en aluminium<\/p>\n","protected":false},"featured_media":1366,"comment_status":"open","ping_status":"closed","template":"","meta":[],"_links":{"self":[{"href":"https:\/\/mobiliasarl.com\/index.php\/wp-json\/wp\/v2\/product\/1365"}],"collection":[{"href":"https:\/\/mobiliasarl.com\/index.php\/wp-json\/wp\/v2\/product"}],"about":[{"href":"https:\/\/mobiliasarl.com\/index.php\/wp-json\/wp\/v2\/types\/product"}],"replies":[{"embeddable":true,"href":"https:\/\/mobiliasarl.com\/index.php\/wp-json\/wp\/v2\/comments?post=1365"}],"wp:featuredmedia":[{"embeddable":true,"href":"https:\/\/mobiliasarl.com\/index.php\/wp-json\/wp\/v2\/media\/1366"}],"wp:attachment":[{"href":"https:\/\/mobiliasarl.com\/index.php\/wp-json\/wp\/v2\/media?parent=1365"}],"curies":[{"name":"wp","href":"https:\/\/api.w.org\/{rel}","templated":true}]}}

<p>&#8211; Matériaux: Bois, aluminium</p>
<p>&#8211; Plateau: Bois mélaminé avec décor-bordure en aluminium</p>
<p>&#8211; Piétement: Panneaux pleins en bois mélaminé avec décor en aluminium</p>
<p>&#8211; Design: Très imposant avec comme couleur dominante, marron</p>
<p>&#8211; Présence de passe câble: Oui</p>
<p>&#8211; Socle anti-humidité: Oui</p>
<p>&#8211; Capacité: 8 places</p>
<p><strong>&#8211; Dimensions (mm) : 2400x1200x750 H</strong></p>
<p>&nbsp;</p>
<h3><strong>Avantages</strong></h3>
<p>&#8211; Confort et capacité optimisée pour réunions</p>
<p>&#8211; Design sobre et professionnel</p>
<p>&#8211; Matériaux résistants et faciles d’entretien</p>
<p>&#8211; Adaptée aux salles de conférence, comités ou réunions institutionnelles</p>

<p>&#8211; Matériaux: Bois, aluminium</p>
<p>&#8211; Plateau: Bois mélaminé avec décor-bordure en aluminium</p>
<p>&#8211; Piétement: Panneaux pleins en bois mélaminé avec décor en aluminium</p>
